{"id":48,"date":"2015-12-17T12:40:39","date_gmt":"2015-12-17T11:40:39","guid":{"rendered":"http:\/\/civamapicole30.fr\/?page_id=48"},"modified":"2025-03-24T09:02:14","modified_gmt":"2025-03-24T08:02:14","slug":"qui-sommes-nous","status":"publish","type":"page","link":"https:\/\/civamapicole30.fr\/","title":{"rendered":"Qui sommes nous ?"},"content":{"rendered":"<p style=\"text-align: center;\">Les CIVAM (Centres d\u2019initiatives pour valoriser l\u2019agriculture et le milieu rural) sont des groupes d\u2019agriculteurs et de ruraux qui travaillent de mani\u00e8re collective \u00e0 la transition agro\u00e9cologique. Ils constituent un r\u00e9seau de pr\u00e8s de 130 associations qui \u0153uvrent depuis 60 ans pour des campagnes vivantes.<\/p>\n<p style=\"text-align: center;\">La F\u00e9d\u00e9ration R\u00e9gionale des CIVAM d\u2019Occitanie est une f\u00e9d\u00e9ration associative d\u2019\u00e9ducation populaire qui accompagne depuis pr\u00e8s de 40 ans des projets collectifs en faveur d\u2019une agriculture et d\u2019une alimentation durables. Elle regroupe une vingtaine de f\u00e9d\u00e9rations d\u00e9partementales et groupes locaux d\u2019agriculteurs et de ruraux d\u2019Occitanie.<\/p>\n<p style=\"text-align: center;\">Le CIVAM Apicole du Gard est adh\u00e9rent \u00e0 la F\u00e9d\u00e9ration des Civam d&#8217;Occitanie.<\/p>\n<p style=\"text-align: center;\">Cr\u00e9\u00e9 en 1984 par Elie Pellequer le CIVAM Apicole du Gard accorde une importance particuli\u00e8re \u00e0 la transparence financi\u00e8re. Nous ne sommes affili\u00e9s \u00e0 aucun parti politique, aucun syndicat, aucune organisation religieuse. Son action est rendu possible par la solidarit\u00e9, le b\u00e9n\u00e9volat et le partage.<\/p>\n<p>Num\u00e9ro RNA\u00a0 \u00a0 \u00a0 W302005707<\/p>\n<p>Num\u00e9ro\u00a0 SIREN\u00a0 \u00a0800776437<\/p>\n<p>Num\u00e9ro\u00a0 SIRET 80077643700025<\/p>\n<p>&nbsp;<\/p>\n<p>Il a pour mission d&#8217;initier \u00e0 l&#8217;apiculture dans toutes ses dimensions :<\/p>\n<p>&nbsp;<\/p>\n<p style=\"text-align: center;\"><span style=\"color: #ff6600;\"><strong>Nous trouver<\/strong><\/span><\/p>\n<p><img data-recalc-dims=\"1\" loading=\"lazy\" decoding=\"async\" data-attachment-id=\"4052\" data-permalink=\"https:\/\/civamapicole30.fr\/index.php\/le-civam\/qui-sommes-nous\/carte-2\/\" data-orig-file=\"https:\/\/i0.wp.com\/civamapicole30.fr\/wp-content\/uploads\/2022\/09\/carte.png?fit=663%2C550&amp;ssl=1\" data-orig-size=\"663,550\" data-comments-opened=\"0\" data-image-meta=\"{&quot;aperture&quot;:&quot;0&quot;,&quot;credit&quot;:&quot;&quot;,&quot;camera&quot;:&quot;&quot;,&quot;caption&quot;:&quot;&quot;,&quot;created_timestamp&quot;:&quot;0&quot;,&quot;copyright&quot;:&quot;&quot;,&quot;focal_length&quot;:&quot;0&quot;,&quot;iso&quot;:&quot;0&quot;,&quot;shutter_speed&quot;:&quot;0&quot;,&quot;title&quot;:&quot;&quot;,&quot;orientation&quot;:&quot;0&quot;}\" data-image-title=\"carte\" data-image-description=\"\" data-image-caption=\"\" data-large-file=\"https:\/\/i0.wp.com\/civamapicole30.fr\/wp-content\/uploads\/2022\/09\/carte.png?fit=474%2C393&amp;ssl=1\" class=\"size-medium wp-image-4052 aligncenter\" src=\"https:\/\/i0.wp.com\/civamapicole30.fr\/wp-content\/uploads\/2022\/09\/carte.png?resize=300%2C249\" alt=\"\" width=\"300\" height=\"249\" srcset=\"https:\/\/i0.wp.com\/civamapicole30.fr\/wp-content\/uploads\/2022\/09\/carte.png?resize=300%2C249&amp;ssl=1 300w, https:\/\/i0.wp.com\/civamapicole30.fr\/wp-content\/uploads\/2022\/09\/carte.png?resize=640%2C531&amp;ssl=1 640w, https:\/\/i0.wp.com\/civamapicole30.fr\/wp-content\/uploads\/2022\/09\/carte.png?resize=600%2C498&amp;ssl=1 600w, https:\/\/i0.wp.com\/civamapicole30.fr\/wp-content\/uploads\/2022\/09\/carte.png?w=663&amp;ssl=1 663w\" sizes=\"auto, (max-width: 300px) 100vw, 300px\" \/><\/p>\n<p><img data-recalc-dims=\"1\" loading=\"lazy\" decoding=\"async\" data-attachment-id=\"113\" data-permalink=\"https:\/\/civamapicole30.fr\/index.php\/rucher-ecole\/test-de-page\/maison_asso2\/\" data-orig-file=\"https:\/\/i0.wp.com\/civamapicole30.fr\/wp-content\/uploads\/2015\/12\/maison_asso2.jpg?fit=958%2C525&amp;ssl=1\" data-orig-size=\"958,525\" data-comments-opened=\"1\" data-image-meta=\"{&quot;aperture&quot;:&quot;0&quot;,&quot;credit&quot;:&quot;&quot;,&quot;camera&quot;:&quot;&quot;,&quot;caption&quot;:&quot;&quot;,&quot;created_timestamp&quot;:&quot;0&quot;,&quot;copyright&quot;:&quot;&quot;,&quot;focal_length&quot;:&quot;0&quot;,&quot;iso&quot;:&quot;0&quot;,&quot;shutter_speed&quot;:&quot;0&quot;,&quot;title&quot;:&quot;&quot;,&quot;orientation&quot;:&quot;1&quot;}\" data-image-title=\"maison_asso2\" data-image-description=\"\" data-image-caption=\"\" data-large-file=\"https:\/\/i0.wp.com\/civamapicole30.fr\/wp-content\/uploads\/2015\/12\/maison_asso2.jpg?fit=474%2C260&amp;ssl=1\" class=\"size-medium wp-image-113 aligncenter\" src=\"https:\/\/i0.wp.com\/civamapicole30.fr\/wp-content\/uploads\/2015\/12\/maison_asso2.jpg?resize=300%2C164\" alt=\"\" width=\"300\" height=\"164\" srcset=\"https:\/\/i0.wp.com\/civamapicole30.fr\/wp-content\/uploads\/2015\/12\/maison_asso2.jpg?resize=300%2C164&amp;ssl=1 300w, https:\/\/i0.wp.com\/civamapicole30.fr\/wp-content\/uploads\/2015\/12\/maison_asso2.jpg?resize=768%2C421&amp;ssl=1 768w, https:\/\/i0.wp.com\/civamapicole30.fr\/wp-content\/uploads\/2015\/12\/maison_asso2.jpg?w=958&amp;ssl=1 958w\" sizes=\"auto, (max-width: 300px) 100vw, 300px\" \/><\/p>\n<p>&nbsp;<\/p>\n<p>&nbsp;<\/p>\n<p>&nbsp;<\/p>\n<p style=\"text-align: center;\"><a href=\"http:\/\/civamapicole30.fr\/index.php\/informations-utiles\/reseau-des-civam\/\">R\u00e9seau des CIVAM<\/a><\/p>\n<p>&nbsp;<\/p>\n<p style=\"text-align: center;\">\u00a0 \u00a0 \u00a0 \u00a0 \u00a0 \u00a0 \u00a0 \u00a0 \u00a0 \u00a0 \u00a0\u00a0<a href=\"https:\/\/i0.wp.com\/civamapicole30.fr\/wp-content\/uploads\/2015\/12\/logo_ecocert-e1451400588380.jpg\" rel=\"attachment wp-att-91\"><img data-recalc-dims=\"1\" loading=\"lazy\" decoding=\"async\" data-attachment-id=\"91\" data-permalink=\"https:\/\/civamapicole30.fr\/index.php\/rucher-ecole\/test-de-page\/logo_ecocert\/\" data-orig-file=\"https:\/\/i0.wp.com\/civamapicole30.fr\/wp-content\/uploads\/2015\/12\/logo_ecocert-e1451400588380.jpg?fit=200%2C107&amp;ssl=1\" data-orig-size=\"200,107\" data-comments-opened=\"1\" data-image-meta=\"{&quot;aperture&quot;:&quot;0&quot;,&quot;credit&quot;:&quot;&quot;,&quot;camera&quot;:&quot;&quot;,&quot;caption&quot;:&quot;&quot;,&quot;created_timestamp&quot;:&quot;0&quot;,&quot;copyright&quot;:&quot;&quot;,&quot;focal_length&quot;:&quot;0&quot;,&quot;iso&quot;:&quot;0&quot;,&quot;shutter_speed&quot;:&quot;0&quot;,&quot;title&quot;:&quot;&quot;,&quot;orientation&quot;:&quot;0&quot;}\" data-image-title=\"logo_ecocert\" data-image-description=\"\" data-image-caption=\"\" data-large-file=\"https:\/\/i0.wp.com\/civamapicole30.fr\/wp-content\/uploads\/2015\/12\/logo_ecocert-e1451400588380.jpg?fit=200%2C107&amp;ssl=1\" class=\"alignnone wp-image-91\" src=\"https:\/\/i0.wp.com\/civamapicole30.fr\/wp-content\/uploads\/2015\/12\/logo_ecocert.jpg?resize=218%2C117\" alt=\"logo_ecocert\" width=\"218\" height=\"117\" \/><\/a>\u00a0 \u00a0 \u00a0 \u00a0 \u00a0 \u00a0 \u00a0 \u00a0 <img data-recalc-dims=\"1\" loading=\"lazy\" decoding=\"async\" data-attachment-id=\"1461\" data-permalink=\"https:\/\/civamapicole30.fr\/index.php\/le-civam\/qui-sommes-nous\/cropped-cropped-logo_civam-1-gif\/\" data-orig-file=\"https:\/\/i0.wp.com\/civamapicole30.fr\/wp-content\/uploads\/2015\/10\/cropped-cropped-logo_civam-1.gif?fit=512%2C498&amp;ssl=1\" data-orig-size=\"512,498\" data-comments-opened=\"1\" data-image-meta=\"{&quot;aperture&quot;:&quot;0&quot;,&quot;credit&quot;:&quot;&quot;,&quot;camera&quot;:&quot;&quot;,&quot;caption&quot;:&quot;&quot;,&quot;created_timestamp&quot;:&quot;0&quot;,&quot;copyright&quot;:&quot;&quot;,&quot;focal_length&quot;:&quot;0&quot;,&quot;iso&quot;:&quot;0&quot;,&quot;shutter_speed&quot;:&quot;0&quot;,&quot;title&quot;:&quot;&quot;,&quot;orientation&quot;:&quot;0&quot;}\" data-image-title=\"cropped-cropped-logo_civam-1.gif\" data-image-description=\"&lt;p&gt;http:\/\/civamapicole30.fr\/wp-content\/uploads\/2015\/10\/cropped-cropped-logo_civam-1.gif&lt;\/p&gt;\n\" data-image-caption=\"\" data-large-file=\"https:\/\/i0.wp.com\/civamapicole30.fr\/wp-content\/uploads\/2015\/10\/cropped-cropped-logo_civam-1.gif?fit=474%2C461&amp;ssl=1\" class=\"alignnone wp-image-1461\" src=\"https:\/\/i0.wp.com\/civamapicole30.fr\/wp-content\/uploads\/2015\/10\/cropped-cropped-logo_civam-1.gif?resize=117%2C108\" alt=\"\" width=\"117\" height=\"108\" \/><\/p>\n","protected":false},"excerpt":{"rendered":"<p>Les CIVAM (Centres d\u2019initiatives pour valoriser l\u2019agriculture et le milieu rural) sont des groupes d\u2019agriculteurs et de ruraux qui travaillent de mani\u00e8re collective \u00e0 la transition agro\u00e9cologique. Ils constituent un r\u00e9seau de pr\u00e8s de 130 associations qui \u0153uvrent depuis 60 ans pour des campagnes vivantes. La F\u00e9d\u00e9ration R\u00e9gionale des CIVAM d\u2019Occitanie est une f\u00e9d\u00e9ration associative &hellip; <a href=\"https:\/\/civamapicole30.fr\/\" class=\"more-link\">Continuer la lecture de <span class=\"screen-reader-text\">Qui sommes nous ?<\/span>  <span class=\"meta-nav\">&rarr;<\/span><\/a><\/p>\n","protected":false},"author":1,"featured_media":0,"parent":4340,"menu_order":1,"comment_status":"closed","ping_status":"closed","template":"","meta":{"jetpack_post_was_ever_published":false,"footnotes":""},"class_list":["post-48","page","type-page","status-publish","hentry"],"jetpack_sharing_enabled":true,"jetpack_shortlink":"https:\/\/wp.me\/P76iwL-M","jetpack-related-posts":[{"id":4202,"url":"https:\/\/civamapicole30.fr\/index.php\/creation-du-cdas\/","url_meta":{"origin":48,"position":0},"title":"Cr\u00e9ation du &#8220;CDAS&#8221;","author":"Sylvette","date":"20 septembre 2022","format":false,"excerpt":"Le \"CDAS\" mais c'est quoi? Le Comit\u00e9 des Anciens Stagiaires Le Civam Apicole du Gard est une structure d'initiation \u00e0 l'apiculture\u00a0 mais c'est aussi un r\u00e9seau de partage de connaissances, d'informations . Les membres du Conseil d\u2019Administration souhaiteraient aussi qu\u2019il soit un lieu d'\u00e9change sur la pratique apicole, l\u2019actualit\u00e9 et\u2026","rel":"","context":"Article similaire","block_context":{"text":"Article similaire","link":""},"img":{"alt_text":"","src":"https:\/\/i0.wp.com\/civamapicole30.fr\/wp-content\/uploads\/2026\/02\/IMG-20240622-WA0000-192x300.jpg?resize=350%2C200","width":350,"height":200},"classes":[]},{"id":46,"url":"https:\/\/civamapicole30.fr\/index.php\/le-civam\/reglement-interieur\/","url_meta":{"origin":48,"position":1},"title":"R\u00e8glement int\u00e9rieur","author":"CIVAM","date":"17 d\u00e9cembre 2015","format":false,"excerpt":"REGLEMENT INTERIEUR CIVAM apicole du GARD Conform\u00e9ment \u00e0 l'article 14 des statuts, ce r\u00e8glement est destin\u00e9 \u00e0 fixer les divers points non pr\u00e9vus par les statuts, notamment ceux qui ont trait \u00e0 l'administration interne de l'Association. Il pr\u00e9cise son mode de fonctionnement et ce, de fa\u00e7on \u00e0 ce que les\u2026","rel":"","context":"Article similaire","block_context":{"text":"Article similaire","link":""},"img":{"alt_text":"","src":"","width":0,"height":0},"classes":[]},{"id":35,"url":"https:\/\/civamapicole30.fr\/index.php\/le-civam\/les-statuts-de-lassociation\/","url_meta":{"origin":48,"position":2},"title":"Les statuts de l&#8217;association","author":"CIVAM","date":"17 d\u00e9cembre 2015","format":false,"excerpt":"\u00a0 STATUTS DU CENTRE D'INFORMATION ET DE \u00a0 \u00a0 \u00a0 \u00a0 \u00a0 \u00a0 \u00a0 \u00a0 \u00a0 \u00a0 \u00a0 \u00a0 \u00a0 \u00a0VULGARISATION AGRICOLES ET \u00a0 \u00a0 \u00a0 \u00a0 \u00a0 \u00a0 \u00a0 \u00a0 \u00a0 \u00a0 \u00a0 \u00a0 \u00a0 \u00a0 \u00a0 \u00a0 \u00a0 \u00a0 \u00a0 \u00a0 \u00a0 \u00a0 \u00a0 \u00a0 \u00a0 \u00a0 \u00a0\u2026","rel":"","context":"Article similaire","block_context":{"text":"Article similaire","link":""},"img":{"alt_text":"","src":"","width":0,"height":0},"classes":[]},{"id":4203,"url":"https:\/\/civamapicole30.fr\/index.php\/rucher-ecole\/4203-2\/","url_meta":{"origin":48,"position":3},"title":"Adh\u00e9sion de soutien","author":"Sylvette","date":"20 septembre 2022","format":false,"excerpt":"Adh\u00e9sion de soutien\u00a0 de 20 \u20ac pour l'ann\u00e9e 2026 Merci de libeller vos ch\u00e8ques \u00e0 l'ordre du \"Civam Apicole du Gard\" Adh\u00e9sion \u00e0 renvoyer accompagn\u00e9e de votre ch\u00e8que \u00e0: Civam Apicole du Gard Mairie Place de la Mairie\u00a0 30730 Saint Mamert du Gard","rel":"","context":"Article similaire","block_context":{"text":"Article similaire","link":""},"img":{"alt_text":"","src":"","width":0,"height":0},"classes":[]},{"id":4393,"url":"https:\/\/civamapicole30.fr\/index.php\/contacts-2\/contact-president\/","url_meta":{"origin":48,"position":4},"title":"Contacter le Pr\u00e9sident","author":"CIVAM","date":"11 mars 2024","format":false,"excerpt":"Pour contacter le Pr\u00e9sident du CIVAM Apicole du Gard merci de compl\u00e9ter le formulaire ci-dessous.","rel":"","context":"Article similaire","block_context":{"text":"Article similaire","link":""},"img":{"alt_text":"","src":"","width":0,"height":0},"classes":[]},{"id":645,"url":"https:\/\/civamapicole30.fr\/index.php\/sos-essaim-dabeilles\/","url_meta":{"origin":48,"position":5},"title":"SOS ABEILLES, ESSAIM","author":"CIVAM","date":"9 juin 2016","format":false,"excerpt":"\u00a0Il arrive au printemps, qu'une partie de la population d'une ruche la quitte, pour aller fonder une nouvelle colonie ailleurs. L'essaim ainsi constitu\u00e9 cherche un emplacement parfois dans votre jardin, votre chemin\u00e9e, derri\u00e8re des volets. Pour les non-apiculteurs c'est un voisinage peu appr\u00e9ci\u00e9. Les abeilles appartiennent \u00e0 une esp\u00e8ce prot\u00e9g\u00e9e\u2026","rel":"","context":"Article similaire","block_context":{"text":"Article similaire","link":""},"img":{"alt_text":"","src":"https:\/\/i0.wp.com\/civamapicole30.fr\/wp-content\/uploads\/2022\/09\/essaim.webp?resize=350%2C200","width":350,"height":200},"classes":[]}],"_links":{"self":[{"href":"https:\/\/civamapicole30.fr\/index.php\/wp-json\/wp\/v2\/pages\/48","targetHints":{"allow":["GET"]}}],"collection":[{"href":"https:\/\/civamapicole30.fr\/index.php\/wp-json\/wp\/v2\/pages"}],"about":[{"href":"https:\/\/civamapicole30.fr\/index.php\/wp-json\/wp\/v2\/types\/page"}],"author":[{"embeddable":true,"href":"https:\/\/civamapicole30.fr\/index.php\/wp-json\/wp\/v2\/users\/1"}],"replies":[{"embeddable":true,"href":"https:\/\/civamapicole30.fr\/index.php\/wp-json\/wp\/v2\/comments?post=48"}],"version-history":[{"count":30,"href":"https:\/\/civamapicole30.fr\/index.php\/wp-json\/wp\/v2\/pages\/48\/revisions"}],"predecessor-version":[{"id":4047,"href":"https:\/\/civamapicole30.fr\/index.php\/wp-json\/wp\/v2\/pages\/48\/revisions\/4047"}],"up":[{"embeddable":true,"href":"https:\/\/civamapicole30.fr\/index.php\/wp-json\/wp\/v2\/pages\/4340"}],"wp:attachment":[{"href":"https:\/\/civamapicole30.fr\/index.php\/wp-json\/wp\/v2\/media?parent=48"}],"curies":[{"name":"wp","href":"https:\/\/api.w.org\/{rel}","templated":true}]}}