{"id":4659,"date":"2026-02-17T15:44:04","date_gmt":"2026-02-17T14:44:04","guid":{"rendered":"https:\/\/civamapicole30.fr\/?page_id=4659"},"modified":"2026-02-17T15:49:13","modified_gmt":"2026-02-17T14:49:13","slug":"fiche-inscription","status":"publish","type":"page","link":"https:\/\/civamapicole30.fr\/index.php\/rucher-ecole\/fiche-inscription\/","title":{"rendered":"FICHE INSCRIPTION"},"content":{"rendered":"<p>merci de remplir la fiche afin de la renvoyer<\/p>\n<p><a href=\"http:\/\/civamapicole30.fr\/wp-content\/uploads\/2026\/02\/FICHE-INSCRIPTION-2026-2.pdf\">http:\/\/civamapicole30.fr\/wp-content\/uploads\/2026\/02\/FICHE-INSCRIPTION-2026-2.pdf<\/a><\/p>\n","protected":false},"excerpt":{"rendered":"<p>merci de remplir la fiche afin de la renvoyer http:\/\/civamapicole30.fr\/wp-content\/uploads\/2026\/02\/FICHE-INSCRIPTION-2026-2.pdf<\/p>\n","protected":false},"author":12,"featured_media":0,"parent":4347,"menu_order":0,"comment_status":"closed","ping_status":"closed","template":"","meta":{"jetpack_post_was_ever_published":false,"footnotes":""},"class_list":["post-4659","page","type-page","status-publish","hentry"],"jetpack_sharing_enabled":true,"jetpack_shortlink":"https:\/\/wp.me\/P76iwL-1d9","jetpack-related-posts":[{"id":4203,"url":"https:\/\/civamapicole30.fr\/index.php\/rucher-ecole\/4203-2\/","url_meta":{"origin":4659,"position":0},"title":"Adh\u00e9sion de soutien","author":"Sylvette","date":"20 septembre 2022","format":false,"excerpt":"Adh\u00e9sion de soutien\u00a0 de 20 \u20ac pour l'ann\u00e9e 2026 Merci de libeller vos ch\u00e8ques \u00e0 l'ordre du \"Civam Apicole du Gard\" Adh\u00e9sion \u00e0 renvoyer accompagn\u00e9e de votre ch\u00e8que \u00e0: Civam Apicole du Gard Mairie Place de la Mairie\u00a0 30730 Saint Mamert du Gard","rel":"","context":"Article similaire","block_context":{"text":"Article similaire","link":""},"img":{"alt_text":"","src":"","width":0,"height":0},"classes":[]},{"id":4084,"url":"https:\/\/civamapicole30.fr\/index.php\/rucher-ecole\/reglementation\/","url_meta":{"origin":4659,"position":1},"title":"R\u00e9glementation","author":"Sylvette","date":"15 septembre 2022","format":false,"excerpt":"","rel":"","context":"Article similaire","block_context":{"text":"Article similaire","link":""},"img":{"alt_text":"","src":"https:\/\/i0.wp.com\/civamapicole30.fr\/wp-content\/uploads\/2022\/09\/UNAF-LOGO_RVB-2014-petit-3.jpg?resize=350%2C200","width":350,"height":200},"classes":[]},{"id":4652,"url":"https:\/\/civamapicole30.fr\/index.php\/rucher-ecole\/inscription-rucher-ecole\/","url_meta":{"origin":4659,"position":2},"title":"RENSEIGNEMENT  RUCHER ECOLE","author":"Sylvette","date":"17 f\u00e9vrier 2026","format":false,"excerpt":"INSCRIPTION","rel":"","context":"Article similaire","block_context":{"text":"Article similaire","link":""},"img":{"alt_text":"","src":"","width":0,"height":0},"classes":[]},{"id":4202,"url":"https:\/\/civamapicole30.fr\/index.php\/creation-du-cdas\/","url_meta":{"origin":4659,"position":3},"title":"Cr\u00e9ation du &#8220;CDAS&#8221;","author":"Sylvette","date":"20 septembre 2022","format":false,"excerpt":"Le \"CDAS\" mais c'est quoi? Le Comit\u00e9 des Anciens Stagiaires Le Civam Apicole du Gard est une structure d'initiation \u00e0 l'apiculture\u00a0 mais c'est aussi un r\u00e9seau de partage de connaissances, d'informations . Les membres du Conseil d\u2019Administration souhaiteraient aussi qu\u2019il soit un lieu d'\u00e9change sur la pratique apicole, l\u2019actualit\u00e9 et\u2026","rel":"","context":"Article similaire","block_context":{"text":"Article similaire","link":""},"img":{"alt_text":"","src":"https:\/\/i0.wp.com\/civamapicole30.fr\/wp-content\/uploads\/2026\/02\/IMG-20240622-WA0000-192x300.jpg?resize=350%2C200","width":350,"height":200},"classes":[]},{"id":4398,"url":"https:\/\/civamapicole30.fr\/index.php\/contacts-2\/contacter-la-secretaire\/","url_meta":{"origin":4659,"position":4},"title":"Contacter la secr\u00e9taire","author":"CIVAM","date":"11 mars 2024","format":false,"excerpt":"Pour contacter la secr\u00e9taire, merci de compl\u00e9ter le formulaire ci-dessous.","rel":"","context":"Article similaire","block_context":{"text":"Article similaire","link":""},"img":{"alt_text":"","src":"","width":0,"height":0},"classes":[]},{"id":4347,"url":"https:\/\/civamapicole30.fr\/index.php\/rucher-ecole\/","url_meta":{"origin":4659,"position":5},"title":"RUCHER ECOLE","author":"Sylvette","date":"11 mars 2024","format":false,"excerpt":"Copie de CIVAM PLANNING 2026 (2) (8)","rel":"","context":"Article similaire","block_context":{"text":"Article similaire","link":""},"img":{"alt_text":"","src":"","width":0,"height":0},"classes":[]}],"_links":{"self":[{"href":"https:\/\/civamapicole30.fr\/index.php\/wp-json\/wp\/v2\/pages\/4659","targetHints":{"allow":["GET"]}}],"collection":[{"href":"https:\/\/civamapicole30.fr\/index.php\/wp-json\/wp\/v2\/pages"}],"about":[{"href":"https:\/\/civamapicole30.fr\/index.php\/wp-json\/wp\/v2\/types\/page"}],"author":[{"embeddable":true,"href":"https:\/\/civamapicole30.fr\/index.php\/wp-json\/wp\/v2\/users\/12"}],"replies":[{"embeddable":true,"href":"https:\/\/civamapicole30.fr\/index.php\/wp-json\/wp\/v2\/comments?post=4659"}],"version-history":[{"count":5,"href":"https:\/\/civamapicole30.fr\/index.php\/wp-json\/wp\/v2\/pages\/4659\/revisions"}],"predecessor-version":[{"id":4664,"href":"https:\/\/civamapicole30.fr\/index.php\/wp-json\/wp\/v2\/pages\/4659\/revisions\/4664"}],"up":[{"embeddable":true,"href":"https:\/\/civamapicole30.fr\/index.php\/wp-json\/wp\/v2\/pages\/4347"}],"wp:attachment":[{"href":"https:\/\/civamapicole30.fr\/index.php\/wp-json\/wp\/v2\/media?parent=4659"}],"curies":[{"name":"wp","href":"https:\/\/api.w.org\/{rel}","templated":true}]}}