{"id":46,"date":"2015-12-17T12:42:09","date_gmt":"2015-12-17T11:42:09","guid":{"rendered":"http:\/\/civamapicole30.fr\/?page_id=46"},"modified":"2024-03-11T18:29:56","modified_gmt":"2024-03-11T17:29:56","slug":"reglement-interieur","status":"publish","type":"page","link":"https:\/\/civamapicole30.fr\/index.php\/le-civam\/reglement-interieur\/","title":{"rendered":"R\u00e8glement int\u00e9rieur"},"content":{"rendered":"<h6 style=\"text-align: center;\"><strong><span style=\"color: #000000;\">REGLEMENT INTERIEUR<\/span><\/strong><\/h6>\n<p style=\"text-align: center;\"><strong><span style=\"color: #000000;\">CIVAM apicole du GARD<\/span><\/strong><\/p>\n<p style=\"padding-left: 30px;\">Conform\u00e9ment \u00e0 l&#8217;article 14 des statuts, ce r\u00e8glement est destin\u00e9 \u00e0 fixer les divers points non pr\u00e9vus par les statuts, notamment ceux qui ont trait \u00e0 l&#8217;administration interne de l&#8217;Association. Il pr\u00e9cise son mode de fonctionnement et ce, de fa\u00e7on \u00e0 ce que les membres de l&#8217;Association en aient connaissance. \u00a0 \u00a0 \u00a0 \u00a0 \u00a0 \u00a0 \u00a0 \u00a0 \u00a0 \u00a0 \u00a0 \u00a0 \u00a0 \u00a0 \u00a0 \u00a0 \u00a0\u00a0Il sera remis \u00e0 tous les adh\u00e9rents avec leur carte d&#8217;adh\u00e9sion.<\/p>\n<h6 style=\"padding-left: 30px;\"><span style=\"color: #000000;\"><strong>Article 1 &#8211; Cotisation<\/strong><\/span><\/h6>\n<p style=\"padding-left: 30px;\">Les membres adh\u00e9rents doivent s&#8217;acquitter d&#8217;une cotisation annuelle dont le montant est fix\u00e9 chaque ann\u00e9e par le Conseil d&#8217;Administration.<\/p>\n<p style=\"padding-left: 30px;\">Le versement de la cotisation doit \u00eatre \u00e9tabli par ch\u00e8que \u00e0 l&#8217;ordre de l&#8217;Association et effectu\u00e9 au plus tard le 1er avril de chaque ann\u00e9e sous peine de ne pouvoir voter \u00e0 l\u2019A G.<\/p>\n<h6 style=\"padding-left: 30px;\"><span style=\"color: #000000;\"><strong>Article 2 &#8211; Admission de nouveaux membres<\/strong><\/span><\/h6>\n<p style=\"padding-left: 30px;\">L&#8217;Association peut \u00e0 tout moment accueillir de nouveaux membres sous r\u00e9serve de l&#8217;acceptation par le Pr\u00e9sident et du versement de la cotisation.<\/p>\n<p style=\"padding-left: 30px;\">Tout adh\u00e9rent accepte obligatoirement ce r\u00e8glement de par son adh\u00e9sion au CIVAM apicole du GARD.<\/p>\n<h6 style=\"padding-left: 30px;\"><span style=\"color: #000000;\"><strong>Article 3 &#8211; Administrateurs<\/strong><\/span><\/h6>\n<p style=\"padding-left: 30px;\">Pour \u00eatre \u00e9ligible \u00e0 la fonction d&#8217;administrateur, il faut obligatoirement \u00eatre membre actif, \u00e0 jour de ses cotisations et avoir des int\u00e9r\u00eats apicoles.<\/p>\n<p style=\"padding-left: 30px;\">Le candidat \u00e0 un poste d&#8217;administrateur doit en faire la demande motiv\u00e9e par \u00e9crit aupr\u00e8s du Pr\u00e9sident au moins une semaine avant l&#8217;Assembl\u00e9e G\u00e9n\u00e9rale. Il s&#8217;engage \u00e0 participer aux diverses activit\u00e9s apicoles et \u00e0 aider aux activit\u00e9s du rucher \u00e9cole.<\/p>\n<p style=\"padding-left: 30px;\"><span style=\"color: #000000;\"><strong>Article 4 &#8211; Membres du Bureau<\/strong><\/span><\/p>\n<p style=\"padding-left: 30px;\">Les membres du bureau sont \u00e9lus par les administrateurs au cours du Conseil d&#8217;Administration suivant l&#8217;Assembl\u00e9e G\u00e9n\u00e9rale.<\/p>\n<p style=\"padding-left: 30px;\">Tout membre du bureau inactif ou reconnu comme tel par les autres membres, fera automatiquement l&#8217;objet d&#8217;une proc\u00e9dure d&#8217;exclusion du Conseil d&#8217;Administration.<\/p>\n<p style=\"padding-left: 30px;\">Cette m\u00eame proc\u00e9dure sera engag\u00e9e pour les motifs suivants :<\/p>\n<p style=\"padding-left: 30px;\">\u00a0 \u00a0 \u00a0 \u00a0 \u00a0 \u00a0&#8211; apr\u00e8s deux absences cons\u00e9cutives aux r\u00e9unions et\/ou non \u00a0 \u00a0 \u00a0 \u00a0 \u00a0 \u00a0 \u00a0 \u00a0participation au rucher-\u00e9cole ainsi qu&#8217;aux activit\u00e9s \u00a0 \u00a0 \u00a0 \u00a0 \u00a0 \u00a0 \u00a0 \u00a0 \u00a0 \u00a0 \u00a0 \u00a0 \u00a0 \u00a0 \u00a0 \u00a0 diverses du CIVAM \u00a0 \u00a0 \u00a0 \u00a0 \u00a0 \u00a0 \u00a0 \u00a0 \u00a0 \u00a0 \u00a0 \u00a0 \u00a0 \u00a0 \u00a0 \u00a0 \u00a0 \u00a0 \u00a0 \u00a0 \u00a0 \u00a0 \u00a0 \u00a0 \u00a0 \u00a0 \u00a0 \u00a0 \u00a0 \u00a0 \u00a0 \u00a0 \u00a0 \u00a0 \u00a0 \u00a0 \u00a0 \u00a0 \u00a0 \u00a0 \u00a0 \u00a0 \u00a0 \u00a0 \u00a0 \u00a0 \u00a0 \u00a0 \u00a0 \u00a0\u00a0 &#8211; pour propos d\u00e9sobligeants envers les autres membres \u00a0 \u00a0 \u00a0 \u00a0 \u00a0 \u00a0 \u00a0 \u00a0 \u00a0 \u00a0 \u00a0&#8211; pour comportement non conforme \u00e0 l&#8217;\u00e9thique de \u00a0 \u00a0 \u00a0 \u00a0 \u00a0 \u00a0 \u00a0 \u00a0 \u00a0 \u00a0 \u00a0 \u00a0 \u00a0 \u00a0 \u00a0 \u00a0 \u00a0 \u00a0l&#8217;association \u00a0 \u00a0 \u00a0 \u00a0 \u00a0 \u00a0 \u00a0 \u00a0 \u00a0 \u00a0 \u00a0 \u00a0 \u00a0 \u00a0 \u00a0 \u00a0 \u00a0 \u00a0 \u00a0 \u00a0 \u00a0 \u00a0 \u00a0 \u00a0 \u00a0 \u00a0 \u00a0 \u00a0 \u00a0 \u00a0 \u00a0 \u00a0 \u00a0 \u00a0 \u00a0 \u00a0 \u00a0 \u00a0 \u00a0 \u00a0 \u00a0 \u00a0 \u00a0 \u00a0 \u00a0 \u00a0 \u00a0 \u00a0 \u00a0 \u00a0 \u00a0 \u00a0 \u00a0 \u00a0 \u00a0 \u00a0 \u00a0 \u00a0 \u00a0-pour non-respect des statuts et du r\u00e8glement int\u00e9rieur.<\/p>\n<h6 style=\"text-align: justify; padding-left: 30px;\"><strong><span style=\"color: #000000;\">Article 5 &#8211; Pouvoir<\/span><\/strong><\/h6>\n<p style=\"text-align: justify; padding-left: 30px;\">Tout administrateur ne pourra poss\u00e9der plus de 2 pouvoirs lors des Conseil d&#8217;Administration.<\/p>\n<h6 style=\"text-align: justify; padding-left: 30px;\"><span style=\"color: #000000;\"><strong>Article 6 &#8211; Remboursement des frais<\/strong><\/span><\/h6>\n<p style=\"text-align: justify; padding-left: 30px;\">Toutes les fonctions, y compris celles des membres du Conseil d\u2019Administration et du Bureau, sont gratuites et b\u00e9n\u00e9voles.<\/p>\n<p style=\"text-align: justify; padding-left: 30px;\">Seuls les frais occasionn\u00e9s par l\u2019accomplissement de leur mandat sont rembours\u00e9s sur justificatifs.<\/p>\n<p style=\"text-align: justify; padding-left: 30px;\">Ceux-ci seront tenus \u00e0 disposition des adh\u00e9rents lors de l&#8217;Assembl\u00e9e G\u00e9n\u00e9rale.<\/p>\n<h6 style=\"text-align: justify; padding-left: 30px;\"><strong><span style=\"color: #000000;\">Article 7 &#8211; Respect du r\u00e8glement<\/span><\/strong><\/h6>\n<p style=\"text-align: justify; padding-left: 30px;\">Tout intervenant ou adh\u00e9rent ne respectant pas ce r\u00e8glement d&#8217;une fa\u00e7on ou d&#8217;une autre, nuisant \u00e0 la r\u00e9putation et aux objectifs fix\u00e9s par l&#8217;association, donc par voie de cons\u00e9quence son image et sa r\u00e9putation fera l&#8217;objet d&#8217;une proc\u00e9dure d&#8217;exclusion.<\/p>\n<p style=\"text-align: justify; padding-left: 30px;\">La d\u00e9cision sera prise par le Conseil d&#8217;Administration.<\/p>\n<p style=\"text-align: justify; padding-left: 30px;\">Aucun remboursement de cotisation ou de frais ne peut \u00eatre exig\u00e9 en cas d&#8217;exclusion.<\/p>\n<h6 style=\"text-align: justify; padding-left: 30px;\"><strong><span style=\"color: #000000;\">Article 8 &#8211; Modification du r\u00e8glement int\u00e9rieur<\/span><\/strong><\/h6>\n<p style=\"padding-left: 30px;\">Ce r\u00e8glement est \u00e9tabli par le bureau en conformit\u00e9 avec l\u2019\u00e9thique des statuts. \u00a0 \u00a0 \u00a0 \u00a0 \u00a0 \u00a0 \u00a0 \u00a0 \u00a0 \u00a0 \u00a0 \u00a0 \u00a0 \u00a0 \u00a0 \u00a0 \u00a0 \u00a0 \u00a0 \u00a0 \u00a0 \u00a0 \u00a0 \u00a0 \u00a0 \u00a0 \u00a0 \u00a0 \u00a0 \u00a0 \u00a0 \u00a0 \u00a0 \u00a0 \u00a0 \u00a0 \u00a0 \u00a0 \u00a0 \u00a0 \u00a0 \u00a0 \u00a0 \u00a0 \u00a0 \u00a0 \u00a0 \u00a0 Il\u00a0peut \u00eatre modifi\u00e9 par le Bureau ou le Conseil d&#8217;Administration. Le nouveau r\u00e8glement int\u00e9rieur sera remis \u00e0 chacun des membres de l&#8217;association.<\/p>\n<p style=\"text-align: justify; padding-left: 30px;\">\n","protected":false},"excerpt":{"rendered":"<p>REGLEMENT INTERIEUR CIVAM apicole du GARD Conform\u00e9ment \u00e0 l&#8217;article 14 des statuts, ce r\u00e8glement est destin\u00e9 \u00e0 fixer les divers points non pr\u00e9vus par les statuts, notamment ceux qui ont trait \u00e0 l&#8217;administration interne de l&#8217;Association. Il pr\u00e9cise son mode de fonctionnement et ce, de fa\u00e7on \u00e0 ce que les membres de l&#8217;Association en aient &hellip; <a href=\"https:\/\/civamapicole30.fr\/index.php\/le-civam\/reglement-interieur\/\" class=\"more-link\">Continuer la lecture de <span class=\"screen-reader-text\">R\u00e8glement int\u00e9rieur<\/span>  <span class=\"meta-nav\">&rarr;<\/span><\/a><\/p>\n","protected":false},"author":1,"featured_media":0,"parent":4340,"menu_order":9,"comment_status":"closed","ping_status":"closed","template":"","meta":{"jetpack_post_was_ever_published":false,"footnotes":""},"class_list":["post-46","page","type-page","status-publish","hentry"],"jetpack_sharing_enabled":true,"jetpack_shortlink":"https:\/\/wp.me\/P76iwL-K","jetpack-related-posts":[{"id":35,"url":"https:\/\/civamapicole30.fr\/index.php\/le-civam\/les-statuts-de-lassociation\/","url_meta":{"origin":46,"position":0},"title":"Les statuts de l&#8217;association","author":"CIVAM","date":"17 d\u00e9cembre 2015","format":false,"excerpt":"\u00a0 STATUTS DU CENTRE D'INFORMATION ET DE \u00a0 \u00a0 \u00a0 \u00a0 \u00a0 \u00a0 \u00a0 \u00a0 \u00a0 \u00a0 \u00a0 \u00a0 \u00a0 \u00a0VULGARISATION AGRICOLES ET \u00a0 \u00a0 \u00a0 \u00a0 \u00a0 \u00a0 \u00a0 \u00a0 \u00a0 \u00a0 \u00a0 \u00a0 \u00a0 \u00a0 \u00a0 \u00a0 \u00a0 \u00a0 \u00a0 \u00a0 \u00a0 \u00a0 \u00a0 \u00a0 \u00a0 \u00a0 \u00a0\u2026","rel":"","context":"Article similaire","block_context":{"text":"Article similaire","link":""},"img":{"alt_text":"","src":"","width":0,"height":0},"classes":[]},{"id":4340,"url":"https:\/\/civamapicole30.fr\/index.php\/le-civam\/","url_meta":{"origin":46,"position":1},"title":"LE CIVAM","author":"Sylvette","date":"11 mars 2024","format":false,"excerpt":"LE CIVAM Conseil d\u2019administration Qui sommes nous ? Bureau 2024 R\u00e8glement int\u00e9rieur Les statuts de l\u2019association","rel":"","context":"Article similaire","block_context":{"text":"Article similaire","link":""},"img":{"alt_text":"","src":"","width":0,"height":0},"classes":[]},{"id":4202,"url":"https:\/\/civamapicole30.fr\/index.php\/creation-du-cdas\/","url_meta":{"origin":46,"position":2},"title":"Cr\u00e9ation du &#8220;CDAS&#8221;","author":"Sylvette","date":"20 septembre 2022","format":false,"excerpt":"Le \"CDAS\" mais c'est quoi? Le Comit\u00e9 des Anciens Stagiaires Le Civam Apicole du Gard est une structure d'initiation \u00e0 l'apiculture\u00a0 mais c'est aussi un r\u00e9seau de partage de connaissances, d'informations . Les membres du Conseil d\u2019Administration souhaiteraient aussi qu\u2019il soit un lieu d'\u00e9change sur la pratique apicole, l\u2019actualit\u00e9 et\u2026","rel":"","context":"Article similaire","block_context":{"text":"Article similaire","link":""},"img":{"alt_text":"","src":"https:\/\/i0.wp.com\/civamapicole30.fr\/wp-content\/uploads\/2026\/02\/IMG-20240622-WA0000-192x300.jpg?resize=350%2C200","width":350,"height":200},"classes":[]},{"id":645,"url":"https:\/\/civamapicole30.fr\/index.php\/sos-essaim-dabeilles\/","url_meta":{"origin":46,"position":3},"title":"SOS ABEILLES, ESSAIM","author":"CIVAM","date":"9 juin 2016","format":false,"excerpt":"\u00a0Il arrive au printemps, qu'une partie de la population d'une ruche la quitte, pour aller fonder une nouvelle colonie ailleurs. L'essaim ainsi constitu\u00e9 cherche un emplacement parfois dans votre jardin, votre chemin\u00e9e, derri\u00e8re des volets. Pour les non-apiculteurs c'est un voisinage peu appr\u00e9ci\u00e9. Les abeilles appartiennent \u00e0 une esp\u00e8ce prot\u00e9g\u00e9e\u2026","rel":"","context":"Article similaire","block_context":{"text":"Article similaire","link":""},"img":{"alt_text":"","src":"https:\/\/i0.wp.com\/civamapicole30.fr\/wp-content\/uploads\/2022\/09\/essaim.webp?resize=350%2C200","width":350,"height":200},"classes":[]},{"id":48,"url":"https:\/\/civamapicole30.fr\/","url_meta":{"origin":46,"position":4},"title":"Qui sommes nous ?","author":"CIVAM","date":"17 d\u00e9cembre 2015","format":false,"excerpt":"Les CIVAM (Centres d\u2019initiatives pour valoriser l\u2019agriculture et le milieu rural) sont des groupes d\u2019agriculteurs et de ruraux qui travaillent de mani\u00e8re collective \u00e0 la transition agro\u00e9cologique. Ils constituent un r\u00e9seau de pr\u00e8s de 130 associations qui \u0153uvrent depuis 60 ans pour des campagnes vivantes. La F\u00e9d\u00e9ration R\u00e9gionale des CIVAM\u2026","rel":"","context":"Article similaire","block_context":{"text":"Article similaire","link":""},"img":{"alt_text":"","src":"https:\/\/i0.wp.com\/civamapicole30.fr\/wp-content\/uploads\/2022\/09\/carte-300x249.png?resize=350%2C200","width":350,"height":200},"classes":[]},{"id":4084,"url":"https:\/\/civamapicole30.fr\/index.php\/rucher-ecole\/reglementation\/","url_meta":{"origin":46,"position":5},"title":"R\u00e9glementation","author":"Sylvette","date":"15 septembre 2022","format":false,"excerpt":"","rel":"","context":"Article similaire","block_context":{"text":"Article similaire","link":""},"img":{"alt_text":"","src":"https:\/\/i0.wp.com\/civamapicole30.fr\/wp-content\/uploads\/2022\/09\/UNAF-LOGO_RVB-2014-petit-3.jpg?resize=350%2C200","width":350,"height":200},"classes":[]}],"_links":{"self":[{"href":"https:\/\/civamapicole30.fr\/index.php\/wp-json\/wp\/v2\/pages\/46","targetHints":{"allow":["GET"]}}],"collection":[{"href":"https:\/\/civamapicole30.fr\/index.php\/wp-json\/wp\/v2\/pages"}],"about":[{"href":"https:\/\/civamapicole30.fr\/index.php\/wp-json\/wp\/v2\/types\/page"}],"author":[{"embeddable":true,"href":"https:\/\/civamapicole30.fr\/index.php\/wp-json\/wp\/v2\/users\/1"}],"replies":[{"embeddable":true,"href":"https:\/\/civamapicole30.fr\/index.php\/wp-json\/wp\/v2\/comments?post=46"}],"version-history":[{"count":5,"href":"https:\/\/civamapicole30.fr\/index.php\/wp-json\/wp\/v2\/pages\/46\/revisions"}],"predecessor-version":[{"id":140,"href":"https:\/\/civamapicole30.fr\/index.php\/wp-json\/wp\/v2\/pages\/46\/revisions\/140"}],"up":[{"embeddable":true,"href":"https:\/\/civamapicole30.fr\/index.php\/wp-json\/wp\/v2\/pages\/4340"}],"wp:attachment":[{"href":"https:\/\/civamapicole30.fr\/index.php\/wp-json\/wp\/v2\/media?parent=46"}],"curies":[{"name":"wp","href":"https:\/\/api.w.org\/{rel}","templated":true}]}}