{"id":15,"date":"2015-10-03T20:22:01","date_gmt":"2015-10-03T19:22:01","guid":{"rendered":"http:\/\/civamapicole30.fr\/?page_id=15"},"modified":"2026-02-10T09:27:16","modified_gmt":"2026-02-10T08:27:16","slug":"test-de-page","status":"publish","type":"page","link":"https:\/\/civamapicole30.fr\/index.php\/rucher-ecole\/test-de-page\/","title":{"rendered":"Photos Rucher-\u00e9cole"},"content":{"rendered":"<p><img data-recalc-dims=\"1\" loading=\"lazy\" decoding=\"async\" data-attachment-id=\"4638\" data-permalink=\"https:\/\/civamapicole30.fr\/index.php\/rucher-ecole\/test-de-page\/20250412_135129\/\" data-orig-file=\"https:\/\/i0.wp.com\/civamapicole30.fr\/wp-content\/uploads\/2026\/02\/20250412_135129-scaled.jpg?fit=1154%2C2560&amp;ssl=1\" data-orig-size=\"1154,2560\" data-comments-opened=\"0\" data-image-meta=\"{&quot;aperture&quot;:&quot;1.8&quot;,&quot;credit&quot;:&quot;&quot;,&quot;camera&quot;:&quot;SM-A715F&quot;,&quot;caption&quot;:&quot;&quot;,&quot;created_timestamp&quot;:&quot;1744465889&quot;,&quot;copyright&quot;:&quot;&quot;,&quot;focal_length&quot;:&quot;5.23&quot;,&quot;iso&quot;:&quot;32&quot;,&quot;shutter_speed&quot;:&quot;0.00062460961898813&quot;,&quot;title&quot;:&quot;&quot;,&quot;orientation&quot;:&quot;1&quot;}\" data-image-title=\"20250412_135129\" data-image-description=\"\" data-image-caption=\"\" data-large-file=\"https:\/\/i0.wp.com\/civamapicole30.fr\/wp-content\/uploads\/2026\/02\/20250412_135129-scaled.jpg?fit=462%2C1024&amp;ssl=1\" class=\"alignnone size-medium wp-image-4638\" src=\"https:\/\/i0.wp.com\/civamapicole30.fr\/wp-content\/uploads\/2026\/02\/20250412_135129.jpg?resize=135%2C300\" alt=\"\" width=\"135\" height=\"300\" srcset=\"https:\/\/i0.wp.com\/civamapicole30.fr\/wp-content\/uploads\/2026\/02\/20250412_135129-scaled.jpg?resize=135%2C300&amp;ssl=1 135w, https:\/\/i0.wp.com\/civamapicole30.fr\/wp-content\/uploads\/2026\/02\/20250412_135129-scaled.jpg?resize=462%2C1024&amp;ssl=1 462w, https:\/\/i0.wp.com\/civamapicole30.fr\/wp-content\/uploads\/2026\/02\/20250412_135129-scaled.jpg?resize=768%2C1704&amp;ssl=1 768w, https:\/\/i0.wp.com\/civamapicole30.fr\/wp-content\/uploads\/2026\/02\/20250412_135129-scaled.jpg?resize=640%2C1420&amp;ssl=1 640w, https:\/\/i0.wp.com\/civamapicole30.fr\/wp-content\/uploads\/2026\/02\/20250412_135129-scaled.jpg?resize=600%2C1331&amp;ssl=1 600w, https:\/\/i0.wp.com\/civamapicole30.fr\/wp-content\/uploads\/2026\/02\/20250412_135129-scaled.jpg?resize=692%2C1536&amp;ssl=1 692w, https:\/\/i0.wp.com\/civamapicole30.fr\/wp-content\/uploads\/2026\/02\/20250412_135129-scaled.jpg?resize=923%2C2048&amp;ssl=1 923w, https:\/\/i0.wp.com\/civamapicole30.fr\/wp-content\/uploads\/2026\/02\/20250412_135129-scaled.jpg?resize=1320%2C2929&amp;ssl=1 1320w, https:\/\/i0.wp.com\/civamapicole30.fr\/wp-content\/uploads\/2026\/02\/20250412_135129-scaled.jpg?resize=300%2C666&amp;ssl=1 300w, https:\/\/i0.wp.com\/civamapicole30.fr\/wp-content\/uploads\/2026\/02\/20250412_135129-scaled.jpg?w=1154&amp;ssl=1 1154w\" sizes=\"auto, (max-width: 135px) 100vw, 135px\" \/><img data-recalc-dims=\"1\" loading=\"lazy\" decoding=\"async\" data-attachment-id=\"4639\" data-permalink=\"https:\/\/civamapicole30.fr\/index.php\/rucher-ecole\/test-de-page\/img-20250412-wa0017\/\" data-orig-file=\"https:\/\/i0.wp.com\/civamapicole30.fr\/wp-content\/uploads\/2026\/02\/IMG-20250412-WA0017.jpg?fit=1600%2C1200&amp;ssl=1\" data-orig-size=\"1600,1200\" data-comments-opened=\"0\" data-image-meta=\"{&quot;aperture&quot;:&quot;0&quot;,&quot;credit&quot;:&quot;&quot;,&quot;camera&quot;:&quot;&quot;,&quot;caption&quot;:&quot;&quot;,&quot;created_timestamp&quot;:&quot;0&quot;,&quot;copyright&quot;:&quot;&quot;,&quot;focal_length&quot;:&quot;0&quot;,&quot;iso&quot;:&quot;0&quot;,&quot;shutter_speed&quot;:&quot;0&quot;,&quot;title&quot;:&quot;&quot;,&quot;orientation&quot;:&quot;0&quot;}\" data-image-title=\"IMG-20250412-WA0017\" data-image-description=\"\" data-image-caption=\"\" data-large-file=\"https:\/\/i0.wp.com\/civamapicole30.fr\/wp-content\/uploads\/2026\/02\/IMG-20250412-WA0017.jpg?fit=474%2C356&amp;ssl=1\" class=\"alignnone  wp-image-4639\" src=\"https:\/\/i0.wp.com\/civamapicole30.fr\/wp-content\/uploads\/2026\/02\/IMG-20250412-WA0017.jpg?resize=162%2C121\" alt=\"\" width=\"162\" height=\"121\" srcset=\"https:\/\/i0.wp.com\/civamapicole30.fr\/wp-content\/uploads\/2026\/02\/IMG-20250412-WA0017.jpg?resize=300%2C225&amp;ssl=1 300w, https:\/\/i0.wp.com\/civamapicole30.fr\/wp-content\/uploads\/2026\/02\/IMG-20250412-WA0017.jpg?resize=1024%2C768&amp;ssl=1 1024w, https:\/\/i0.wp.com\/civamapicole30.fr\/wp-content\/uploads\/2026\/02\/IMG-20250412-WA0017.jpg?resize=768%2C576&amp;ssl=1 768w, https:\/\/i0.wp.com\/civamapicole30.fr\/wp-content\/uploads\/2026\/02\/IMG-20250412-WA0017.jpg?resize=640%2C480&amp;ssl=1 640w, https:\/\/i0.wp.com\/civamapicole30.fr\/wp-content\/uploads\/2026\/02\/IMG-20250412-WA0017.jpg?resize=600%2C450&amp;ssl=1 600w, https:\/\/i0.wp.com\/civamapicole30.fr\/wp-content\/uploads\/2026\/02\/IMG-20250412-WA0017.jpg?resize=1536%2C1152&amp;ssl=1 1536w, https:\/\/i0.wp.com\/civamapicole30.fr\/wp-content\/uploads\/2026\/02\/IMG-20250412-WA0017.jpg?resize=1320%2C990&amp;ssl=1 1320w, https:\/\/i0.wp.com\/civamapicole30.fr\/wp-content\/uploads\/2026\/02\/IMG-20250412-WA0017.jpg?w=1600&amp;ssl=1 1600w, https:\/\/i0.wp.com\/civamapicole30.fr\/wp-content\/uploads\/2026\/02\/IMG-20250412-WA0017.jpg?w=948 948w, https:\/\/i0.wp.com\/civamapicole30.fr\/wp-content\/uploads\/2026\/02\/IMG-20250412-WA0017.jpg?w=1422 1422w\" sizes=\"auto, (max-width: 162px) 100vw, 162px\" \/>\u00a0 \u00a0 \u00a0 \u00a0 \u00a0 \u00a0 \u00a0 \u00a0 \u00a0 \u00a0 \u00a0 \u00a0 \u00a0 \u00a0 \u00a0 <img data-recalc-dims=\"1\" loading=\"lazy\" decoding=\"async\" data-attachment-id=\"4640\" data-permalink=\"https:\/\/civamapicole30.fr\/index.php\/rucher-ecole\/test-de-page\/20250412_135134\/\" data-orig-file=\"https:\/\/i0.wp.com\/civamapicole30.fr\/wp-content\/uploads\/2026\/02\/20250412_135134-scaled.jpg?fit=1154%2C2560&amp;ssl=1\" data-orig-size=\"1154,2560\" data-comments-opened=\"0\" data-image-meta=\"{&quot;aperture&quot;:&quot;1.8&quot;,&quot;credit&quot;:&quot;&quot;,&quot;camera&quot;:&quot;SM-A715F&quot;,&quot;caption&quot;:&quot;&quot;,&quot;created_timestamp&quot;:&quot;1744465894&quot;,&quot;copyright&quot;:&quot;&quot;,&quot;focal_length&quot;:&quot;5.23&quot;,&quot;iso&quot;:&quot;32&quot;,&quot;shutter_speed&quot;:&quot;0.00052301255230126&quot;,&quot;title&quot;:&quot;&quot;,&quot;orientation&quot;:&quot;1&quot;}\" data-image-title=\"20250412_135134\" data-image-description=\"\" data-image-caption=\"\" data-large-file=\"https:\/\/i0.wp.com\/civamapicole30.fr\/wp-content\/uploads\/2026\/02\/20250412_135134-scaled.jpg?fit=462%2C1024&amp;ssl=1\" class=\"alignnone size-medium wp-image-4640\" src=\"https:\/\/i0.wp.com\/civamapicole30.fr\/wp-content\/uploads\/2026\/02\/20250412_135134.jpg?resize=135%2C300\" alt=\"\" width=\"135\" height=\"300\" srcset=\"https:\/\/i0.wp.com\/civamapicole30.fr\/wp-content\/uploads\/2026\/02\/20250412_135134-scaled.jpg?resize=135%2C300&amp;ssl=1 135w, https:\/\/i0.wp.com\/civamapicole30.fr\/wp-content\/uploads\/2026\/02\/20250412_135134-scaled.jpg?resize=462%2C1024&amp;ssl=1 462w, https:\/\/i0.wp.com\/civamapicole30.fr\/wp-content\/uploads\/2026\/02\/20250412_135134-scaled.jpg?resize=768%2C1704&amp;ssl=1 768w, https:\/\/i0.wp.com\/civamapicole30.fr\/wp-content\/uploads\/2026\/02\/20250412_135134-scaled.jpg?resize=640%2C1420&amp;ssl=1 640w, https:\/\/i0.wp.com\/civamapicole30.fr\/wp-content\/uploads\/2026\/02\/20250412_135134-scaled.jpg?resize=600%2C1331&amp;ssl=1 600w, https:\/\/i0.wp.com\/civamapicole30.fr\/wp-content\/uploads\/2026\/02\/20250412_135134-scaled.jpg?resize=692%2C1536&amp;ssl=1 692w, https:\/\/i0.wp.com\/civamapicole30.fr\/wp-content\/uploads\/2026\/02\/20250412_135134-scaled.jpg?resize=923%2C2048&amp;ssl=1 923w, https:\/\/i0.wp.com\/civamapicole30.fr\/wp-content\/uploads\/2026\/02\/20250412_135134-scaled.jpg?resize=1320%2C2929&amp;ssl=1 1320w, https:\/\/i0.wp.com\/civamapicole30.fr\/wp-content\/uploads\/2026\/02\/20250412_135134-scaled.jpg?resize=300%2C666&amp;ssl=1 300w, https:\/\/i0.wp.com\/civamapicole30.fr\/wp-content\/uploads\/2026\/02\/20250412_135134-scaled.jpg?w=1154&amp;ssl=1 1154w\" sizes=\"auto, (max-width: 135px) 100vw, 135px\" \/>\u00a0 \u00a0 \u00a0 \u00a0 \u00a0 \u00a0 \u00a0 \u00a0 \u00a0 \u00a0 \u00a0 \u00a0 \u00a0 \u00a0 \u00a0 \u00a0 \u00a0 \u00a0 \u00a0 \u00a0 \u00a0 \u00a0 \u00a0 \u00a0 \u00a0 \u00a0 \u00a0 \u00a0 \u00a0 \u00a0 \u00a0 \u00a0 \u00a0 \u00a0 \u00a0 \u00a0 \u00a0 \u00a0 \u00a0 \u00a0 \u00a0 \u00a0 \u00a0 \u00a0 \u00a0 \u00a0 \u00a0 \u00a0 \u00a0 \u00a0 \u00a0 \u00a0 \u00a0 \u00a0 \u00a0Outil p\u00e9dagogique, le rucher \u00e9cole vous permet de passer de la th\u00e9orie \u00e0 la pratique.<\/p>\n<p><img data-recalc-dims=\"1\" loading=\"lazy\" decoding=\"async\" data-attachment-id=\"4209\" data-permalink=\"https:\/\/civamapicole30.fr\/index.php\/rucher-ecole\/test-de-page\/attachment\/1663684555731\/\" data-orig-file=\"https:\/\/i0.wp.com\/civamapicole30.fr\/wp-content\/uploads\/2022\/09\/1663684555731.jpg?fit=1200%2C1600&amp;ssl=1\" data-orig-size=\"1200,1600\" data-comments-opened=\"0\" data-image-meta=\"{&quot;aperture&quot;:&quot;0&quot;,&quot;credit&quot;:&quot;&quot;,&quot;camera&quot;:&quot;&quot;,&quot;caption&quot;:&quot;&quot;,&quot;created_timestamp&quot;:&quot;0&quot;,&quot;copyright&quot;:&quot;&quot;,&quot;focal_length&quot;:&quot;0&quot;,&quot;iso&quot;:&quot;0&quot;,&quot;shutter_speed&quot;:&quot;0&quot;,&quot;title&quot;:&quot;&quot;,&quot;orientation&quot;:&quot;0&quot;}\" data-image-title=\"1663684555731\" data-image-description=\"\" data-image-caption=\"\" data-large-file=\"https:\/\/i0.wp.com\/civamapicole30.fr\/wp-content\/uploads\/2022\/09\/1663684555731.jpg?fit=474%2C632&amp;ssl=1\" class=\"alignnone wp-image-4209\" src=\"https:\/\/i0.wp.com\/civamapicole30.fr\/wp-content\/uploads\/2022\/09\/1663684555731.jpg?resize=239%2C319\" alt=\"\" width=\"239\" height=\"319\" srcset=\"https:\/\/i0.wp.com\/civamapicole30.fr\/wp-content\/uploads\/2022\/09\/1663684555731.jpg?resize=225%2C300&amp;ssl=1 225w, https:\/\/i0.wp.com\/civamapicole30.fr\/wp-content\/uploads\/2022\/09\/1663684555731.jpg?resize=768%2C1024&amp;ssl=1 768w, https:\/\/i0.wp.com\/civamapicole30.fr\/wp-content\/uploads\/2022\/09\/1663684555731.jpg?resize=640%2C853&amp;ssl=1 640w, https:\/\/i0.wp.com\/civamapicole30.fr\/wp-content\/uploads\/2022\/09\/1663684555731.jpg?resize=600%2C800&amp;ssl=1 600w, https:\/\/i0.wp.com\/civamapicole30.fr\/wp-content\/uploads\/2022\/09\/1663684555731.jpg?resize=1152%2C1536&amp;ssl=1 1152w, https:\/\/i0.wp.com\/civamapicole30.fr\/wp-content\/uploads\/2022\/09\/1663684555731.jpg?resize=960%2C1280&amp;ssl=1 960w, https:\/\/i0.wp.com\/civamapicole30.fr\/wp-content\/uploads\/2022\/09\/1663684555731.jpg?w=1200&amp;ssl=1 1200w\" sizes=\"auto, (max-width: 239px) 100vw, 239px\" \/><\/p>\n<p>La manipulation des ruches\u00a0 permet un accompagnement toute l\u2019ann\u00e9e \u00e0 la pratique des gestes et techniques apicoles essentiels \u00e0 une conduite raisonn\u00e9e de son rucher.<\/p>\n<p><img data-recalc-dims=\"1\" loading=\"lazy\" decoding=\"async\" data-attachment-id=\"4210\" data-permalink=\"https:\/\/civamapicole30.fr\/index.php\/rucher-ecole\/test-de-page\/1663684555736-2\/\" data-orig-file=\"https:\/\/i0.wp.com\/civamapicole30.fr\/wp-content\/uploads\/2022\/09\/1663684555736-2.jpg?fit=1200%2C1600&amp;ssl=1\" data-orig-size=\"1200,1600\" data-comments-opened=\"0\" data-image-meta=\"{&quot;aperture&quot;:&quot;0&quot;,&quot;credit&quot;:&quot;&quot;,&quot;camera&quot;:&quot;&quot;,&quot;caption&quot;:&quot;&quot;,&quot;created_timestamp&quot;:&quot;0&quot;,&quot;copyright&quot;:&quot;&quot;,&quot;focal_length&quot;:&quot;0&quot;,&quot;iso&quot;:&quot;0&quot;,&quot;shutter_speed&quot;:&quot;0&quot;,&quot;title&quot;:&quot;&quot;,&quot;orientation&quot;:&quot;0&quot;}\" data-image-title=\"1663684555736\" data-image-description=\"\" data-image-caption=\"\" data-large-file=\"https:\/\/i0.wp.com\/civamapicole30.fr\/wp-content\/uploads\/2022\/09\/1663684555736-2.jpg?fit=474%2C632&amp;ssl=1\" class=\"alignnone size-medium wp-image-4210\" src=\"https:\/\/i0.wp.com\/civamapicole30.fr\/wp-content\/uploads\/2022\/09\/1663684555736-2.jpg?resize=225%2C300\" alt=\"\" width=\"225\" height=\"300\" srcset=\"https:\/\/i0.wp.com\/civamapicole30.fr\/wp-content\/uploads\/2022\/09\/1663684555736-2.jpg?resize=225%2C300&amp;ssl=1 225w, https:\/\/i0.wp.com\/civamapicole30.fr\/wp-content\/uploads\/2022\/09\/1663684555736-2.jpg?resize=768%2C1024&amp;ssl=1 768w, https:\/\/i0.wp.com\/civamapicole30.fr\/wp-content\/uploads\/2022\/09\/1663684555736-2.jpg?resize=640%2C853&amp;ssl=1 640w, https:\/\/i0.wp.com\/civamapicole30.fr\/wp-content\/uploads\/2022\/09\/1663684555736-2.jpg?resize=600%2C800&amp;ssl=1 600w, https:\/\/i0.wp.com\/civamapicole30.fr\/wp-content\/uploads\/2022\/09\/1663684555736-2.jpg?resize=1152%2C1536&amp;ssl=1 1152w, https:\/\/i0.wp.com\/civamapicole30.fr\/wp-content\/uploads\/2022\/09\/1663684555736-2.jpg?resize=960%2C1280&amp;ssl=1 960w, https:\/\/i0.wp.com\/civamapicole30.fr\/wp-content\/uploads\/2022\/09\/1663684555736-2.jpg?w=1200&amp;ssl=1 1200w\" sizes=\"auto, (max-width: 225px) 100vw, 225px\" \/><\/p>\n<p>Les visites du rucher \u00e9cole sont toujours un moment tr\u00e8s appr\u00e9ci\u00e9es des stagiaires.<\/p>\n<p style=\"text-align: left;\"><img data-recalc-dims=\"1\" loading=\"lazy\" decoding=\"async\" data-attachment-id=\"4211\" data-permalink=\"https:\/\/civamapicole30.fr\/index.php\/rucher-ecole\/test-de-page\/attachment\/1663684555725\/\" data-orig-file=\"https:\/\/i0.wp.com\/civamapicole30.fr\/wp-content\/uploads\/2022\/09\/1663684555725.jpg?fit=1200%2C1599&amp;ssl=1\" data-orig-size=\"1200,1599\" data-comments-opened=\"0\" data-image-meta=\"{&quot;aperture&quot;:&quot;0&quot;,&quot;credit&quot;:&quot;&quot;,&quot;camera&quot;:&quot;&quot;,&quot;caption&quot;:&quot;&quot;,&quot;created_timestamp&quot;:&quot;0&quot;,&quot;copyright&quot;:&quot;&quot;,&quot;focal_length&quot;:&quot;0&quot;,&quot;iso&quot;:&quot;0&quot;,&quot;shutter_speed&quot;:&quot;0&quot;,&quot;title&quot;:&quot;&quot;,&quot;orientation&quot;:&quot;0&quot;}\" data-image-title=\"1663684555725\" data-image-description=\"\" data-image-caption=\"\" data-large-file=\"https:\/\/i0.wp.com\/civamapicole30.fr\/wp-content\/uploads\/2022\/09\/1663684555725.jpg?fit=474%2C632&amp;ssl=1\" class=\"alignnone size-medium wp-image-4211\" src=\"https:\/\/i0.wp.com\/civamapicole30.fr\/wp-content\/uploads\/2022\/09\/1663684555725.jpg?resize=225%2C300\" alt=\"\" width=\"225\" height=\"300\" srcset=\"https:\/\/i0.wp.com\/civamapicole30.fr\/wp-content\/uploads\/2022\/09\/1663684555725.jpg?resize=225%2C300&amp;ssl=1 225w, https:\/\/i0.wp.com\/civamapicole30.fr\/wp-content\/uploads\/2022\/09\/1663684555725.jpg?resize=768%2C1023&amp;ssl=1 768w, https:\/\/i0.wp.com\/civamapicole30.fr\/wp-content\/uploads\/2022\/09\/1663684555725.jpg?resize=640%2C853&amp;ssl=1 640w, https:\/\/i0.wp.com\/civamapicole30.fr\/wp-content\/uploads\/2022\/09\/1663684555725.jpg?resize=600%2C800&amp;ssl=1 600w, https:\/\/i0.wp.com\/civamapicole30.fr\/wp-content\/uploads\/2022\/09\/1663684555725.jpg?resize=1153%2C1536&amp;ssl=1 1153w, https:\/\/i0.wp.com\/civamapicole30.fr\/wp-content\/uploads\/2022\/09\/1663684555725.jpg?resize=960%2C1279&amp;ssl=1 960w, https:\/\/i0.wp.com\/civamapicole30.fr\/wp-content\/uploads\/2022\/09\/1663684555725.jpg?w=1200&amp;ssl=1 1200w\" sizes=\"auto, (max-width: 225px) 100vw, 225px\" \/><\/p>\n","protected":false},"excerpt":{"rendered":"<p>\u00a0 \u00a0 \u00a0 \u00a0 \u00a0 \u00a0 \u00a0 \u00a0 \u00a0 \u00a0 \u00a0 \u00a0 \u00a0 \u00a0 \u00a0 \u00a0 \u00a0 \u00a0 \u00a0 \u00a0 \u00a0 \u00a0 \u00a0 \u00a0 \u00a0 \u00a0 \u00a0 \u00a0 \u00a0 \u00a0 \u00a0 \u00a0 \u00a0 \u00a0 \u00a0 \u00a0 \u00a0 \u00a0 \u00a0 \u00a0 \u00a0 \u00a0 \u00a0 \u00a0 \u00a0 \u00a0 \u00a0 \u00a0 \u00a0 \u00a0 \u00a0 \u00a0 \u00a0 \u00a0 \u00a0 &hellip; <a href=\"https:\/\/civamapicole30.fr\/index.php\/rucher-ecole\/test-de-page\/\" class=\"more-link\">Continuer la lecture de <span class=\"screen-reader-text\">Photos Rucher-\u00e9cole<\/span>  <span class=\"meta-nav\">&rarr;<\/span><\/a><\/p>\n","protected":false},"author":1,"featured_media":0,"parent":4347,"menu_order":8,"comment_status":"closed","ping_status":"closed","template":"","meta":{"jetpack_post_was_ever_published":false,"footnotes":""},"class_list":["post-15","page","type-page","status-publish","hentry"],"jetpack_sharing_enabled":true,"jetpack_shortlink":"https:\/\/wp.me\/P76iwL-f","jetpack-related-posts":[{"id":4084,"url":"https:\/\/civamapicole30.fr\/index.php\/rucher-ecole\/reglementation\/","url_meta":{"origin":15,"position":0},"title":"R\u00e9glementation","author":"Sylvette","date":"15 septembre 2022","format":false,"excerpt":"","rel":"","context":"Article similaire","block_context":{"text":"Article similaire","link":""},"img":{"alt_text":"","src":"https:\/\/i0.wp.com\/civamapicole30.fr\/wp-content\/uploads\/2022\/09\/UNAF-LOGO_RVB-2014-petit-3.jpg?resize=350%2C200","width":350,"height":200},"classes":[]},{"id":4652,"url":"https:\/\/civamapicole30.fr\/index.php\/rucher-ecole\/inscription-rucher-ecole\/","url_meta":{"origin":15,"position":1},"title":"RENSEIGNEMENT  RUCHER ECOLE","author":"Sylvette","date":"17 f\u00e9vrier 2026","format":false,"excerpt":"INSCRIPTION","rel":"","context":"Article similaire","block_context":{"text":"Article similaire","link":""},"img":{"alt_text":"","src":"","width":0,"height":0},"classes":[]},{"id":4347,"url":"https:\/\/civamapicole30.fr\/index.php\/rucher-ecole\/","url_meta":{"origin":15,"position":2},"title":"RUCHER ECOLE","author":"Sylvette","date":"11 mars 2024","format":false,"excerpt":"Copie de CIVAM PLANNING 2026 (2) (8)","rel":"","context":"Article similaire","block_context":{"text":"Article similaire","link":""},"img":{"alt_text":"","src":"","width":0,"height":0},"classes":[]},{"id":4158,"url":"https:\/\/civamapicole30.fr\/index.php\/rucher-ecole\/formulaire-dadhesion-2023\/","url_meta":{"origin":15,"position":3},"title":"Adh\u00e9sion 2026","author":"Sylvette","date":"19 septembre 2022","format":false,"excerpt":"Reprise des cours le 7\u00a0 mars 2026","rel":"","context":"Article similaire","block_context":{"text":"Article similaire","link":""},"img":{"alt_text":"","src":"","width":0,"height":0},"classes":[]},{"id":4659,"url":"https:\/\/civamapicole30.fr\/index.php\/rucher-ecole\/fiche-inscription\/","url_meta":{"origin":15,"position":4},"title":"FICHE INSCRIPTION","author":"Sylvette","date":"17 f\u00e9vrier 2026","format":false,"excerpt":"merci de remplir la fiche afin de la renvoyer http:\/\/civamapicole30.fr\/wp-content\/uploads\/2026\/02\/FICHE-INSCRIPTION-2026-2.pdf","rel":"","context":"Article similaire","block_context":{"text":"Article similaire","link":""},"img":{"alt_text":"","src":"","width":0,"height":0},"classes":[]},{"id":4413,"url":"https:\/\/civamapicole30.fr\/index.php\/rucher-ecole\/4413-2\/","url_meta":{"origin":15,"position":5},"title":"Mat\u00e9riel d&#8217;apiculture","author":"CIVAM","date":"11 mars 2024","format":false,"excerpt":"\u00c9tablissements Ickowicz Zone d'activit\u00e9 A\u00e9rop\u00f4le 4 Rond-point de l'A\u00e9rop\u00f4le, 30128 Garons 04 66 71 59 41 THOMAS Apiculture ZA Saint Michel 6 bis rue Gustave Eiffel 34770 Gigean France","rel":"","context":"Article similaire","block_context":{"text":"Article similaire","link":""},"img":{"alt_text":"","src":"https:\/\/i0.wp.com\/civamapicole30.fr\/wp-content\/uploads\/2022\/09\/icko.webp?resize=350%2C200","width":350,"height":200},"classes":[]}],"_links":{"self":[{"href":"https:\/\/civamapicole30.fr\/index.php\/wp-json\/wp\/v2\/pages\/15","targetHints":{"allow":["GET"]}}],"collection":[{"href":"https:\/\/civamapicole30.fr\/index.php\/wp-json\/wp\/v2\/pages"}],"about":[{"href":"https:\/\/civamapicole30.fr\/index.php\/wp-json\/wp\/v2\/types\/page"}],"author":[{"embeddable":true,"href":"https:\/\/civamapicole30.fr\/index.php\/wp-json\/wp\/v2\/users\/1"}],"replies":[{"embeddable":true,"href":"https:\/\/civamapicole30.fr\/index.php\/wp-json\/wp\/v2\/comments?post=15"}],"version-history":[{"count":32,"href":"https:\/\/civamapicole30.fr\/index.php\/wp-json\/wp\/v2\/pages\/15\/revisions"}],"predecessor-version":[{"id":4095,"href":"https:\/\/civamapicole30.fr\/index.php\/wp-json\/wp\/v2\/pages\/15\/revisions\/4095"}],"up":[{"embeddable":true,"href":"https:\/\/civamapicole30.fr\/index.php\/wp-json\/wp\/v2\/pages\/4347"}],"wp:attachment":[{"href":"https:\/\/civamapicole30.fr\/index.php\/wp-json\/wp\/v2\/media?parent=15"}],"curies":[{"name":"wp","href":"https:\/\/api.w.org\/{rel}","templated":true}]}}